, 0 = 3*q - 2*w - 10. List the prime factors of q.
2
Let f be (2/(-6))/(1/(-6)). Let d(b) be the second derivative of 11*b**4/12 - b**3/6 + b**2 - 372*b. List the prime factors of d(f).
2, 11
Let i = -201 - -266. What are the prime factors of i?
5, 13
Let f = 79 - -198. List the prime factors of f.
277
Suppose -5*b = -o - 91, 0 = 5*b - 5*o - 7 - 88. Let a = 23 - b. Let k = a + -3. What are the prime factors of k?
2
Let n = -23 + 25. Suppose -5*k - 3*m = -25, -4*m = -2*k + 12 - n. What are the prime factors of k?
5
Let d be 2 - 3*(-8)/12. Let l = d - -34. List the prime factors of l.
2, 19
Let u(c) = -c**2 - c - 1. Let j(o) = -4*o**2 + 3*o + 4. Let s(i) = -j(i) + 5*u(i). Let d be s(-4). Let p(l) = l**2. List the prime factors of p(d).
7
Suppose -3*f - 5*z + 46 = -1892, 0 = -4*z + 12. List the prime factors of f.
641
Suppose 44 = -3*u - 10. Let a = 12 - 24. List the prime factors of (-310)/(-6) - a/u.
3, 17
Suppose 20 = 5*w, r - 132 = -5*w + 550. What are the prime factors of r?
2, 331
Suppose 3*q - 3*t - 1629 = 0, 0 = -q - 5*t - 253 + 808. Suppose -5*r = q - 1490. List the prime factors of r.
3, 7
Let u(l) be the third derivative of l**6/120 - 11*l**5/60 - l**4/24 + 5*l**3/2 + 2*l**2. Let w be u(11). Let f(t) = 2*t + 8. What are the prime factors of f(w)?
2
Suppose a - h = 829, 5*a + 11*h - 9*h = 4138. List the prime factors of a.
2, 3, 23
Let a = -19 + 16. Let k be (16/a)/(4/(-78)). Let p = -59 + k. What are the prime factors of p?
3, 5
Let o(d) = 2*d**2 - 3*d + 6. Let z be o(6). Suppose -2*q + 419 = c, -3*q + 706 = -2*c + z. List the prime factors of q.
2, 53
Let o(m) = -m**2 - 10*m + 1. Let b be o(-10). Suppose -b - 1 = -h. Suppose 2*i + 4*z + 8 = 0, -h = 3*i + 4*z - 0. List the prime factors of i.
2, 3
Suppose -b - 2*g = 5 + 5, 3*g + 15 = -4*b. Suppose b*k + 71 = 3*q + 4*k, -5*k + 10 = 0. List the prime factors of q.
3, 7
Let b be ((-9)/27)/((-1)/(-3)). Let d = b + 19. List the prime factors of d.
2, 3
Let w = -2 + 11. Suppose -2225 - 70 = -w*o. What are the prime factors of o?
3, 5, 17
Suppose h = 234 - 22. What are the prime factors of h?
2, 53
Let h = 47 + -3. List the prime factors of 4/(h/8 + -5).
2
Let h = 34 - -5. Suppose -9 = 4*k - k. What are the prime factors of (h/(-26))/(k/46)?
23
Suppose 4*s + 363 - 1870 = -5*p, 2*s = 3*p + 759. What are the prime factors of s?
2, 3, 7
Let x(n) = -3*n - 6. Let k be x(-3). Let t(o) = o + 1. Let f be t(k). Suppose -f*u = -b - 8 + 1, 3*b = 3*u + 6. What are the prime factors of u?
3
Suppose 32 - 459 = -7*g. What are the prime factors of g?
61
List the prime factors of 3 + 63/7 - -2753.
5, 7, 79
Suppose -4*v = -5*s - 60, -6*s - 2*v = -9*s - 34. What are the prime factors of (38/s)/(68/(-16) + 4)?
19
Let c be 3/9 + (-8)/24. Let q(d) = d**2 - d + 21. What are the prime factors of q(c)?
3, 7
List the prime factors of (2/(-5))/((-16)/20)*142.
71
Let o be ((-164)/6 + 1)*-3. Suppose -o = -3*t + 113. What are the prime factors of t?
2
Let o be (-1)/(4/34)*(18 + -2). Let c = 270 + o. List the prime factors of c.
2, 67
Suppose 5*z - 50 = -5*r, -r - 4*z + 3 = -13. Let v = r + -6. List the prime factors of v.
2
Let c = 26 + -7. Suppose 6*m - 2*m = -n - c, 0 = 3*m - 4*n. Let s = 19 - m. What are the prime factors of s?
23
Let x(j) = 3*j**3 + 4*j**2 - 7*j + 3. Let o(q) = 5*q**3 + 7*q**2 - 13*q + 5. Let r(t) = -4*o(t) + 7*x(t). What are the prime factors of r(3)?
37
Let t(f) = -2*f + 1. Let n be t(-1). Suppose 4*h + 31 = -5*i, -i + 34 = -h + n*i. Let u = h + 25. What are the prime factors of u?
11
Let b = 1303 - 744. List the prime factors of b.
13, 43
Suppose w - 4*j - 10 = 0, -3*j = -4*w - j + 40. Let g be 1/(-2) + 525/w. Suppose 4*y = 2*b + g, 0 = 2*b + 7 + 1. List the prime factors of y.
11
Let t(r) = -1638*r**3 + 2*r**2 + 2*r - 1. What are the prime factors of t(-1)?
1637
Let j(a) = 32*a**2 + 6*a + 6. Let c be j(-4). Suppose -c = -2*x - 2*x - q, 116 = x + 4*q. List the prime factors of x.
2, 31
What are the prime factors of -3*(-3)/27 + 56/3?
19
Let r(p) = -430*p - 415. What are the prime factors of r(-6)?
5, 433
Let s = 1177 + -557. List the prime factors of s.
2, 5, 31
Suppose q = 4, 0 = -9*c + 10*c + 3*q - 963. List the prime factors of c.
3, 317
Let z(t) = 9*t**2 - 22*t + 14. What are the prime factors of z(-6)?
2, 5, 47
Suppose -2*q + k = -3*k - 24, q - 27 = 5*k. Suppose 3*x + 5 = -q*x - 5*r, 0 = 2*x + 5*r + 11. Suppose x*v - 31 - 51 = 0. What are the prime factors of v?
41
Suppose 8 + 4 = -4*k. Let w be ((-12)/24)/((-2)/(-300)). List the prime factors of w/(-4) - k/12.
19
Let x = -33 + 8. Let r = 1 - x. What are the prime factors of r?
2, 13
Let f be (0 - 0)/(2/(-1)). Let b(a) = -2*a**3 + 4*a + 33. Let t(k) = 3*k**3 - 5*k - 34. Let v(x) = 4*b(x) + 3*t(x). What are the prime factors of v(f)?
2, 3, 5
Let x(i) = 2*i**2 + 10*i. Let h be x(7). Suppose v + h = 5*v. Suppose -14 = 4*o - v. List the prime factors of o.
7
Suppose 3*z - 1932 = -2*b + 158, -4*z = -2*b - 2810. List the prime factors of z.
2, 5, 7
Let r be -1 - 1*(-67 - -4). Let m = -51 + r. List the prime factors of m.
11
Suppose -2*q + 3*c + 327 = 0, 125 + 222 = 2*q + c. What are the prime factors of q?
3, 19
Let x be (-3)/(-9) - (-74)/(-6). Let h be 4/(x/3) - -46. What are the prime factors of -105*(-6)/h*3?
2, 3, 7
Let y(p) = p**2 + 6*p + 2. Let m be y(-6). Suppose 210 = -m*g + 5*g. Suppose q = -4*q + g. What are the prime factors of q?
2, 7
Let o = 293 - 53. What are the prime factors of o?
2, 3, 5
Let c be -21 + 2 + (-2 - 0). Let m = c - -43. Suppose 20*l - m*l = -92. List the prime factors of l.
2, 23
Let j be 8/(16/(-4)) + 13. Let a(t) = -t**3 + 12*t**2 - 11*t + 6. What are the prime factors of a(j)?
2, 3
Suppose -9291 = -12*j + 17181. List the prime factors of j.
2, 1103
Suppose 2*z = -o - o + 450, 2*z = -o + 451. List the prime factors of z.
2, 113
Let i = 796 + -495. Suppose 0 = -4*q + i + 223. What are the prime factors of q?
131
Let q(j) = j + 8. Let a be q(-5). Suppose a*w = -w + 356. What are the prime factors of w?
89
Let t be 2/8 + (-4)/(32/(-134)). Let y(p) = 2*p - 2. Let j be y(6). Let z = t - j. What are the prime factors of z?
7
Let h(o) = 2*o - 4. Let t(a) = -a**2 + 8*a + 13. Let x be t(9). Let k be h(x). What are the prime factors of 6/k + 33/6?
7
Let t be (-4)/9*18*(-1)/2. Suppose -33 = -o + 37. Suppose t = 2*l - o. List the prime factors of l.
37
Let r(v) = v**2 - 4*v - 1. Let j be r(5). Suppose 14 = g - 5*m, 0*g + 2*g + j*m = -28. List the prime factors of 132/(-9)*g/4.
2, 11
Let j(v) = v**3 + 8*v**2 + 9*v + 9. Let i be (-3 - 32/(-6))*-3. Let s be j(i). Let f = 15 + s. List the prime factors of f.
2, 5
What are the prime factors of ((-2185)/4 + 18)/(2/(-8))?
2113
Let r(x) = -9*x**2 + 2*x - 1. Let s be r(-1). What are the prime factors of (1 - s/(-8))*-2*8?
2
Let v = 81 + -54. Let w = 7 + v. List the prime factors of w.
2, 17
Let n(w) = -15*w - 48. Let v be n(-11). Let b = 331 - v. What are the prime factors of b?
2, 107
Let g(h) = 22*h**2 + 11*h + 9. What are the prime factors of g(-10)?
2099
Let l = 15 - 11. Let t(i) = -3*i + 7*i + 5*i**2 - i - l*i - i**3. List the prime factors of t(4).
2, 3
Suppose -5*t - 5*o = 30, 3*t + 16 + 6 = o. Let y(a) = -a**2 - 9*a - 5. List the prime factors of y(t).
3
Let p(j) = 32*j - 9. What are the prime factors of p(6)?
3, 61
Suppose -q - 5*h + 681 = 0, 2*q + h + 1307 = 4*q. List the prime factors of q.
2, 41
Suppose -n = -4*z - 0*z - 1566, -z = 5*n + 402. Let u = -125 - z. What are the prime factors of u?
3, 89
Let i(o) = 34*o**2 + 2*o - 5. Let n(a) = -11*a**2 - a + 2. Let y(m) = 3*i(m) + 8*n(m). What are the prime factors of y(2)?
53
Let r(q) be the third derivative of -q**5/60 + q**4/24 + q**3/2 + 3*q**2. Let c be r(4). Let f = 15 - c. What are the prime factors of f?
2, 3
Let v(i) = 3*i**2 + 0*i**2 + 20 - 4*i + 21 - 39. What are the prime factors of v(6)?
2, 43
Let m = 227 + -147. Suppose -m*c - 418 = -82*c. List the prime factors of c.
11, 19
Let y(h) be the third derivative of h**6/120 + h**5/15 - h**4/24 + 2*h**3/3 + h**2. Let x = -19 + 15. List the prime factors of y(x).
2
Let c = 6 + 8. Let y be c/(-3)*30/(-35). Suppose -72 = 3*m - y*m. List the prime factors of m.
2, 3
Let n be (1 - 3) + (108 - 0/(-5)). Let g = n + -41. What are the prime factors of g?
5, 13
Let s(l) = -347*l